igit of 4*(-4)/(-48) + 24400/15?
1
Let n(t) = -t - 2. Let o be n(7). Let b(d) = -d**2 - 17*d + 9. Let q be b(o). Suppose 2*s + 3 = q. What is the tens digit of s?
3
What is the units digit of 18/3 - 9 - (-3 - 208)?
8
Let h(x) = -5*x + 2. Suppose -2*y = -3*y - 15. What is the tens digit of h(y)?
7
Suppose m + 4*i - 450 = 2*i, -4*m + 4*i = -1824. What is the hundreds digit of m?
4
Let t be ((-8)/(-5))/((-16)/(-40)). Suppose -t*l = l. Suppose -2*q + 14 = -l*q - 4*y, -3*q + 4*y + 31 = 0. What is the tens digit of q?
1
What is the hundreds digit of (6 - (-437)/4)/(2/8)?
4
Let k(m) = -m + 14. Let c be k(9). Suppose -75 = -5*u + 4*z, -u - 5*z - 9 = c. What is the units digit of u?
1
Let s = -109 - -105. Suppose 6*m - 2*m - 4 = -4*f, -14 = -2*f + 2*m. What is the units digit of s*(f + (-13)/2)?
0
Suppose 3*j - 6 = 4*r - 2*r, 5*r = 0. Let l = -1 - -1. Suppose w + 4*a - 3*a - 10 = l, 5*a - 23 = -j*w. What is the units digit of w?
9
Let o(g) = -124*g + 405. What is the thousands digit of o(-9)?
1
Suppose 0*h + 15 = 5*h, -h + 23 = -4*g. What is the tens digit of (g - (3 + -6))*-19?
3
Suppose -120 = -4*d - 2*a + 26, 5*a + 139 = 4*d. What is the units digit of d?
6
Suppose -3*d + 114 = -2*i - 239, 0 = -d + 4*i + 121. What is the units digit of d?
7
Suppose 24*o = 27*o. Let m(l) = -3*l + 19. What is the units digit of m(o)?
9
Suppose 10*c - 21312 = 23638. What is the thousands digit of c?
4
Suppose 6*u = 10*u - 8. Let y(m) = 6*m + 5. What is the units digit of y(u)?
7
Let l = -14 - 0. Let w = 62 + l. What is the tens digit of w?
4
Suppose -91 = -s + 268. What is the tens digit of s?
5
Let k(p) = 5*p + 69. What is the units digit of k(8)?
9
Let t = -2196 - -3411. What is the tens digit of t?
1
Suppose 0 = 22*w - 1338 - 2534. What is the hundreds digit of w?
1
Suppose 79*g = -4*o + 75*g + 12092, g + 9065 = 3*o. What is the thousands digit of o?
3
Let h be -4 - ((-36)/4 + 4 + 3). Suppose -5*a = -10, -3*d - 3*a - 2*a = -25. Let w = d + h. What is the units digit of w?
3
Let j(w) = w**3 - 2*w**2 + w + 8. Let v be j(-4). Let a = 98 + v. What is the units digit of a?
6
Let k(d) = -5*d**3 - 7*d**2 - d - 1. Let h(a) = a**3 + a**2. Let i(b) = 4*h(b) + k(b). Let p(m) = m**2 - 6*m + 1. Let l be p(5). What is the tens digit of i(l)?
1
Suppose 13*j + 106880 = 53*j. What is the tens digit of j?
7
Suppose -p - 8 = -3*p. Let k be 8/28 + 834/21. Suppose 0*o - p*o = -k. What is the tens digit of o?
1
Suppose 0 = 8*j - 6*j - 5*r - 801, -3*r = -9. What is the hundreds digit of j?
4
What is the tens digit of (6/10)/(-1) - (-26586)/35?
5
Let q(z) = z**2 - 7*z - 11. Let c be q(8). Let d(b) = -37*b - 1. Let r be d(c). Suppose -3*i - 4*p - 26 + 78 = 0, -2*p + r = 5*i. What is the tens digit of i?
2
Suppose 0 = -5*o + 17 - 2. Suppose -d = o*d - 20. Suppose -d = -h + 16. What is the units digit of h?
1
Let k be (-8 + 9)*(-1 + 371). Let r = k + -246. What is the tens digit of r?
2
Suppose 9*q = 11*q - c - 169, 3*c + 15 = 0. What is the units digit of q?
2
Let s(n) = -32*n + 4. What is the tens digit of s(-13)?
2
Let x be ((3 + -4)*8)/(-2). Suppose -x*z = -0*z + 3*y - 291, 0 = 2*z - 2*y - 142. Suppose 187 - z = 5*l. What is the tens digit of l?
2
Suppose 6191 = 4*f - 3*x, -f + 1556 = 260*x - 258*x. What is the thousands digit of f?
1
Suppose -6*j + 18*j + 84 = 0. Let t(z) = 3*z**2 + 13*z + 2. What is the units digit of t(j)?
8
Let g = 256 - 205. What is the tens digit of g?
5
Let d(i) = -i**3 - 3*i**2 + 2*i + 6. Let u be d(3). Let c = 129 + u. What is the units digit of c?
7
Suppose 2*t + 4 = 5*p, 4*p = -10*t + 12*t. Suppose -6*o = -t*o + 386. What is the tens digit of o?
9
Suppose 3*v + v = 432. Suppose 3*h - 477 = -v. What is the hundreds digit of h?
1
Suppose -9*a + 2591 - 665 = 0. What is the hundreds digit of a?
2
Let g(m) = 3*m**2 - 14*m - 57. Let x be g(17). Suppose 4*u + 715 = 5*c + 6*u, 4*c = 2*u + x. What is the tens digit of c?
4
Let t(z) = -42*z + 30. What is the tens digit of t(-2)?
1
What is the tens digit of 2/6*3*85?
8
Suppose -5*i - 10 = 0, 0 = -4*o + 4*i - 46 + 15822. What is the thousands digit of o?
3
Let f be (-4)/26 - (-88)/(-104). What is the tens digit of 168 - 6 - (-1 - 2)/f?
5
Let a be (-2)/(-2) - (-2 + 10). Let f(i) = 13*i + 21. Let k(u) = -6*u - 10. Let p(v) = 3*f(v) + 7*k(v). What is the tens digit of p(a)?
1
Let x = 17 + -10. Suppose 53 = 2*z - x*o + 2*o, -51 = -2*z + 3*o. What is the tens digit of z?
2
Suppose 7*c + 2 - 30 = 0. Suppose -c*x = -3*u - 495, 2*u + 496 = 4*x - 2*u. What is the hundreds digit of x?
1
Suppose -10*h = -15*h + 15. Suppose -4*i - 2*y - 3*y - 29 = 0, -4*y - 22 = h*i. Let b(d) = d**3 + 7*d**2 + 6*d + 4. What is the units digit of b(i)?
4
Suppose -18*q = -61 + 7. Let d(y) = -5*y + 3*y**2 + 4*y + 3*y - 3. What is the tens digit of d(q)?
3
Let q be -4 + (-5)/(25/10). What is the units digit of 2/(-6)*q - -1?
3
Suppose -4*c + 2*r + 691 = -645, -3*r = -12. What is the hundreds digit of c?
3
Let n be ((-2)/6)/((-3)/81). Let w = n + -23. What is the units digit of w/(-10) + 4/(-10)?
1
Let d(k) = -27*k - 31. What is the tens digit of d(-5)?
0
Suppose -2*k = -2*h - 26, 6 + 66 = 5*k + 2*h. Let u be 1/(-3 + k/4). Suppose -1 + 12 = u*c - x, -4*c + 2 = 2*x. What is the units digit of c?
3
Suppose z + 7 = -2*n, -5*z + n - 49 = -3*n. Let l(a) be the third derivative of -a**5/60 - 11*a**4/24 - a**3 + 5*a**2. What is the units digit of l(z)?
2
Let r = -143 + 946. What is the hundreds digit of r?
8
Suppose -3*g = t - 6, -g - 30 = -6*g + 5*t. Suppose -g*b - 372 = -6*y + y, 5*y + 5*b - 340 = 0. What is the units digit of y?
2
Let j = 7 + 17. What is the tens digit of (-2)/(-1)*(j - 1)?
4
Let b = -229 - -878. What is the tens digit of b?
4
What is the hundreds digit of -2*606/(-4) - 4?
2
Let b(a) = -3*a - 11. Let n be b(-5). Let m = n + 0. Suppose 0 = m*k - k - 24. What is the units digit of k?
8
Suppose 3 = g - 0. Suppose g = 3*w - 3. Let q(h) = h**3 - h**2 - 2*h + 3. What is the units digit of q(w)?
3
Suppose l - 5*r = 6*l - 1245, -4*r + 8 = 0. What is the hundreds digit of l?
2
Suppose 71760 = -4*r + 30*r. What is the tens digit of r?
6
Suppose 4*s = -0*j + j + 10, -17 = -4*j - 3*s. Suppose 0*v + 62 = j*v. What is the tens digit of v?
3
Suppose 3 = 3*o + j - 2*j, 4*o - j = 5. Suppose 22 = 2*r - o. Let u = r - 9. What is the units digit of u?
3
Let g(n) = -2*n**3 - 7*n**2 - 8*n - 7. Let i = 49 + -55. What is the hundreds digit of g(i)?
2
Suppose 0 = -9*x + 15426 + 11844. What is the hundreds digit of x?
0
Let b be (-14)/35 - (-4)/10. What is the tens digit of (-1 + b - 41)*(-2)/4?
2
Let a be 2*5 - (-1 - -2). Let q = a + -33. Let j = 42 + q. What is the tens digit of j?
1
Suppose 7*q - 5502 = q. What is the hundreds digit of q?
9
Let z be 27/(-18)*24/(-9). Suppose 186 = 3*b + 3*r, -z*r - 11 = -3. What is the tens digit of b?
6
Suppose 0 = -4*g + 2*t + 3046, -2*g + 7*t = 2*t - 1535. What is the hundreds digit of g?
7
Let y = -332 + 417. What is the tens digit of y?
8
Let r be -2 + -1 - (3 - 4). What is the units digit of r + 3/((-15)/(-395))?
7
What is the tens digit of (-3 - -2)*(-449 + 28)?
2
Let g(d) = -d**3 + 7*d**2 + 11*d - 8. Let q be g(9). Let z = -19 - q. What is the units digit of z?
2
Suppose 0 = a + 2*a + 42. Let p be 0 + 1 - (a - -3). Suppose -3 = q - p. What is the units digit of q?
9
Suppose 0 = -5*y + 5*p - 10 - 10, -16 = -4*p. Suppose t + y*t + d = -60, 0 = -3*t - d - 180. Let w = t + 88. What is the tens digit of w?
2
Suppose -8*b = -14 - 34. Suppose -3*c = -b*c. Let f(g) = g**2 + 3*g + 1. What is the units digit of f(c)?
1
Let y(f) = -f + 6. Let v be y(-5). Let d be 0 + 18/(-2) - 8/(-4). Let g = d + v. What is the units digit of g?
4
Let p(q) = 199*q**2 + 6*q + 4. What is the hundreds digit of p(-2)?
7
Let l = 428 - 390. What is the tens digit of l?
3
Let k(i) be the first derivative of -i**2/2 - 11*i - 7. Let t be k(-6). Let l(m) = -m + 6. What is the tens digit of l(t)?
1
Suppose 6*o - o - 178 = 2*d, 0 = -o + 3*d + 33. Let u = o + -14. What is the units digit of u?
2
Suppose 0 = 4*o - 3*o - 4, -4*m + 2*o + 588 = 0. What is the units digit of m?
9
Let t(f) = f**3 - 3*f**2 + 2*f - 1. Let x be t(3). Suppose -x*d + 259 = 5*o - 1, 2*d = -5*o + 119. What is the units digit of d?
7
What is the hundreds digit of 11/((-110)/(-40)) - (-2 + -